inder when w is divided by o.
10
Suppose 7 = -3*a + 1. What is the remainder when (a/(-1))/2 + 26 is divided by 15?
12
What is the remainder when 49 is divided by (1/(-3))/(((-66)/11)/270)?
4
Let y(m) = -3*m + 2. Let j(k) be the second derivative of k**3/6 - 9*k**2/2 + 9*k. Let l be j(7). Calculate the remainder when y(l) is divided by 3.
2
Let u(h) = 34*h - 94. Calculate the remainder when u(4) is divided by 28.
14
Let n(h) = -h**2 + 5*h + 7. Let p be n(6). Let k = 2 - -19. Calculate the remainder when p/4 + (-327)/(-4) is divided by k.
19
Suppose -32*y - 67 + 1155 = 0. Suppose 3*b - b = 198. What is the remainder when b is divided by y?
31
Let k = 445 - 441. Calculate the remainder when 14 is divided by k.
2
Let h = 430 + -288. What is the remainder when h is divided by 75?
67
Let m = 2135 - 2053. Calculate the remainder when m is divided by 56.
26
Suppose -150*t = -151*t + 3. Suppose -t*a = -5*r + 40, 2*r + 5*a - 9 = 7. Calculate the remainder when -1*2/(2/(-29)) is divided by r.
5
Suppose 7 = -w - 3. Let p = 63 + w. Let m = 4 + 10. Calculate the remainder when p is divided by m.
11
Let o(s) be the third derivative of 0 + 8*s**2 - 3/20*s**5 + 1/24*s**4 + 13/6*s**3 + 0*s - 1/120*s**6. Calculate the remainder when 15 is divided by o(-9).
3
Suppose 4*v - 3*u = 187 + 204, -215 = -2*v - 5*u. Calculate the remainder when v is divided by 21.
16
Let q(i) = -8*i + 26. Let y be q(3). Suppose y = 3*k + 2*h, -2*k - 5*h = -4*k + 33. Calculate the remainder when 33 is divided by k.
1
Let q = 482 + -406. Calculate the remainder when q is divided by 31.
14
Let b(o) = -53*o - 71. What is the remainder when b(-4) is divided by 75?
66
Let w(v) = -v**2 - 7*v - 1. Let m be w(-6). Let l(u) = 14*u - 8. Suppose 7*x - 86 - 26 = 0. What is the remainder when l(m) is divided by x?
14
Let u be (1 - 1*6) + -2. Let y(t) be the second derivative of -t**3 + 17*t**2/2 + 84*t. What is the remainder when y(u) is divided by 20?
19
Let c = 576 + -462. Calculate the remainder when c is divided by 31.
21
Let h(v) = v**3 + 14*v**2 + 7. Suppose 0 = 11*k - 8*k + 42. Suppose -4*j = -42 - 6. What is the remainder when j is divided by h(k)?
5
Suppose -2*s + 60 = 4*j, -3*s + 5*j = -s - 24. Suppose -760 = -5*q - 0*q. Calculate the remainder when q is divided by s.
20
Let h(z) be the second derivative of -z**5/20 + 5*z**4/4 + 6*z**3 - 3*z**2 + 8*z. What is the remainder when h(17) is divided by 6?
4
Let t(y) be the second derivative of 23*y**4/12 - y**3/2 + y**2 + 15*y. Calculate the remainder when 85 is divided by t(1).
19
Let c = 65 + -44. Let x = -149 - -153. What is the remainder when c is divided by x?
1
Suppose 0 = 17*w + 20*w - 444. What is the remainder when 34 is divided by w?
10
Suppose -787 + 142 = -15*z. Let k(w) = 5*w + 3. Let o be k(5). Let d = o - 13. Calculate the remainder when z is divided by d.
13
Suppose -3*q + 34 = -425. Suppose -4*o - 5*n + 76 = 3, -4*n = -20. Calculate the remainder when q is divided by o.
9
Let m be (0 - 18/1) + -3. Suppose 0 = -4*l + 3*g + 333, -14*g = 3*l - 10*g - 231. What is the remainder when l is divided by (-2)/(-6) + (-434)/m?
18
Calculate the remainder when 10 is divided by 2/(-6)*(-6)/2 - -3.
2
Suppose -6*v + 23*v - 493 = 0. What is the remainder when 83 is divided by v?
25
Suppose -3*z + 2 = -4*z. Let c = -33 - -70. What is the remainder when c is divided by ((-1)/z)/((-2)/(-52))?
11
Let u = 16 - 16. Suppose -7*g + u*g = -350. Calculate the remainder when 198 is divided by g.
48
Suppose 0 = f - 3*q - 6, 2*q - 32 = -2*f - 2*q. Let r = 1 + f. What is the remainder when 64 is divided by r?
12
Let p(l) = l - 19. Let y be p(9). Let d = 3 - y. What is the remainder when 47 is divided by d?
8
Suppose 143 = 4*x - 3*b, 0 = -5*x - b - 4*b + 170. Let p = 39 + -3. Suppose 0 = 3*u - 0*u - p. What is the remainder when x is divided by u?
11
Calculate the remainder when 58 is divided by (90/(-27))/((-10)/12) - -26.
28
What is the remainder when 499 is divided by 28 + (-3 + 0 - (16 + -12))?
16
Let l(j) = -7*j - 8. What is the remainder when 191 is divided by l(-8)?
47
Let p(j) = 9*j**2 + 2*j + 3. Calculate the remainder when p(-3) is divided by 51.
27
Calculate the remainder when 40 is divided by (-6*33/(-6))/((-3)/(-2)).
18
Let c(h) = h + 4. Let a be c(-2). Calculate the remainder when 3 is divided by ((-12)/24)/(a/(-8)).
1
Let n = -742 + 939. What is the remainder when n is divided by 100?
97
Let h be ((-2)/(-4) - 3)*-28. Suppose -15 - h = -5*d. What is the remainder when d is divided by -2*(-10)/(-8)*-2?
2
Let o(a) = -a**3 + 8*a**2 - 33*a + 132. Calculate the remainder when 93 is divided by o(5).
9
Suppose 2 + 4 = o. Let r(a) = a**2 - 2*a - 5. Calculate the remainder when r(o) is divided by 5.
4
Suppose -29*d + 62*d - 1551 = 0. Calculate the remainder when 702 is divided by d.
44
What is the remainder when (1/(-1 + 2))/((-38)/(-15656)) is divided by 9?
7
Let h(n) = -3*n + 31. Let g be h(9). Suppose 0 = 4*s + 3*u - 177, -2*u - g + 2 = 0. Calculate the remainder when s is divided by 12.
9
Let s = -60 + 101. What is the remainder when s is divided by 6?
5
Calculate the remainder when 76 is divided by (-2)/4 + 304/32.
4
Let w(a) = 33*a + 315. What is the remainder when 113 is divided by w(-9)?
5
Suppose 0 = -8*u + 4*u + 24. Suppose -u*p + 33 = -3*p. Calculate the remainder when (2 + -1)/((-2)/(-62)) is divided by p.
9
Let l(d) = -98*d - 109 + 28*d + 109. What is the remainder when l(-1) is divided by 0 + 2 + 0 + 10?
10
Suppose -2*w + 4 = -4. Suppose -99 = -3*a + w*s, -3*s = -4*a - 0*a + 139. Calculate the remainder when 146 is divided by a.
35
Suppose 0 = -3*w + 3*f + 387, -7*w + 3*w - 4*f = -548. What is the remainder when 278 is divided by w?
12
Suppose 0 = 10*c + 116 + 4. Calculate the remainder when ((0 - c)*-1)/(18/(-84)) is divided by 21.
14
Suppose 5*m + n = 60, 2*n - 64 = -4*m - 2*n. Suppose -11*h = -37*h + 5824. Suppose 0*g + h = 7*g. Calculate the remainder when g is divided by m.
10
Let f(u) = -u**3 + 11*u**2 + 10*u + 26. Let s be f(12). Let j(a) = 11*a**2 + a. Calculate the remainder when j(s) is divided by 12.
10
Suppose 0*a + 3*a = 141. Suppose 0 = 3*p - 676 + 256. Calculate the remainder when p is divided by a.
46
Suppose -4*l + p = -107, 2*p + p = 5*l - 139. Let m = 75 - l. Calculate the remainder when m is divided by 25.
24
Suppose 0 = -4*n - 10*n + 252. What is the remainder when 137 is divided by n?
11
Suppose 6 = 3*s, 6*j - 69 = j - 2*s. Suppose v = -j*v + 882. What is the remainder when v is divided by 33?
30
Suppose -u + 36 = 2*d, -u - 2*d = -d - 36. Calculate the remainder when 110 is divided by u.
2
Suppose 28 = 3*h - 164. Let t(q) = 35*q**2 - 25*q + 78. Calculate the remainder when t(3) is divided by h.
62
Let r(j) = j - 1. Suppose n = -4*z + 14, 3*z - 32 = 3*n - 59. Calculate the remainder when n is divided by r(4).
1
Suppose -15*v + 164 = -91. What is the remainder when v is divided by 6?
5
Let c(b) = -11 - b + 19 + 9. Calculate the remainder when 6 is divided by c(12).
1
Let z be 4/(16/(-12)) - -5. What is the remainder when 3 is divided by (-5 - (z - 3)) + 6?
1
Let p = 58 + -21. Let m = p + -24. Calculate the remainder when 25 is divided by 4 + -3 - (1 - m).
12
What is the remainder when 160 is divided by -3 - 119/(-42) - 326/(-12)?
25
Let h(l) = l + 4. Suppose 6 = 2*d - 4*z, -14 = -2*d + z - 5*z. Calculate the remainder when h(3) is divided by d.
2
Let p(k) = -4*k**2 + 14*k + 4. Let a be p(5). Calculate the remainder when 0/(-3) + 0 + 2 - a is divided by 5.
3
Let n(m) = m**3 - 13*m**2 + 11*m + 27. What is the remainder when 147 is divided by n(12)?
12
Let s = 4421 - 4392. Suppose 0*y = 5*y - 570. What is the remainder when y is divided by s?
27
Let s(u) = -u**3 + 20*u**2 - 63*u + 2. What is the remainder when s(14) is divided by 50?
46
Suppose -4*l = 5*r - 1323, -7*r - 5*l = -6*r - 273. What is the remainder when r is divided by 33?
32
Suppose 2*v = i - 80, -i - 4*v + 2*v + 80 = 0. Calculate the remainder when 249 is divided by i.
9
Let p = -88 + 49. Let x = 27 - p. What is the remainder when x is divided by 18?
12
Let c be (-2)/(-11) - (-272)/(-44). Let a be c/1*(-30)/9. Calculate the remainder when 36 is divided by (-5)/(a/(-44)) - -2.
10
Let r = 56 - 29. Let l = r + -11. Suppose 2*t = -5*k + l + 11, 0 = -2*k - t + 1